e z(-37). Calculate the highest common factor of 225 and m.
45
Let i be (-18)/(-21)*(17 - 3). Let p be (i/(-14))/(1/(-7)). Let y = 3 - -3. What is the highest common factor of y and p?
6
Suppose 0 = 4*m + 3*x + 19, 20 = -4*x - 0*x. Let q(d) = 8*d**2 + 4*d + 4. Let l be q(m). Calculate the greatest common divisor of l and 88.
8
Suppose 0 = 3*r - 2*r - 2. Let d be (-26)/(-3)*9/r. Let c(k) = -70*k + 13. Let f be c(0). Calculate the greatest common divisor of f and d.
13
Let h(y) = y**2 - 2*y - 6. Let c be h(-3). Let n be 2 - c*(2 - 39/9). What is the highest common divisor of 253 and n?
23
Let o be (4 - (-1 + 0)) + 2. Let g be ((-64)/(-28))/(2/7). Let d(a) = -a**2 + 7*a + 15. Let s be d(g). Calculate the greatest common divisor of s and o.
7
Let p(z) = z**2 + 9*z - 7. Let o be p(-11). Suppose -2*y + y + o = 0. Suppose 11*s - y*s + 48 = 0. Calculate the highest common factor of s and 24.
12
Let s(x) = x**3 + 6*x**2 + 3*x. Let i be s(-3). Suppose 0 = -3*w - 2*w + 4*z + 19, 2*w + z - i = 0. What is the highest common divisor of 49 and w?
7
Suppose 60 = -5*l + 230. Suppose v + v = 2*q - l, -2*q + 4*v + 24 = 0. Suppose -201 = -5*f + 349. Calculate the highest common factor of f and q.
22
Suppose 3*x + 3 = 4*x. Suppose -2*n - x*n = 155. Let z = -19 - n. Calculate the highest common divisor of 18 and z.
6
Let j(h) = -2*h**2 - 38*h + 52. Let p be j(-18). What is the greatest common divisor of p and 33?
11
Suppose -14*o + 151 = -101. Let j(q) = 26*q - 6*q + 79*q. Let u be j(2). Calculate the highest common divisor of u and o.
18
Let d = 31 + -49. Let v = d - -30. What is the highest common divisor of v and 96?
12
Let q(s) = -7*s + 204. Let w be q(27). Calculate the greatest common divisor of 735 and w.
15
Suppose 0 = -5*h - 3*l + 31, -4*l - 8 = -2*h - 3*l. Suppose 4*o = -0*o + 292. Let w = o + -38. Calculate the highest common divisor of w and h.
5
Let z be (-518)/(-8) + 27/(-36). Let x be 3 + -1 + 940/10. Calculate the greatest common divisor of z and x.
32
Let l(b) = 546*b**2 + 3. Let r be l(-1). Suppose 5*c + 0*c - 295 = -5*y, 2*y - 124 = c. Calculate the highest common divisor of r and y.
61
Let p be 1 + (2 - (-2 - 19)). Let d(i) = 2*i**2 - 3*i - 5. Let g be d(3). Suppose 18 = g*o - 6. Calculate the greatest common divisor of o and p.
6
Let s = -9 - -14. Suppose -2*v = -s*m + 36, 4*v = -2*m + 4*m - 24. What is the greatest common divisor of m and 9?
3
Suppose 0*z - 3*z + 30 = 0. Let n = 211 - 131. Let y = n - 75. Calculate the highest common factor of y and z.
5
Let i be ((-21)/12)/(150/152 - 1). Let g be 14/8 - (-2)/8. Suppose 57 = g*m + m. What is the highest common divisor of m and i?
19
Suppose -x + 56 = x. Let f be (-1 + -20)/((-6)/x). Suppose 5*h - 3*h = 28. Calculate the highest common factor of h and f.
14
Let q = 124 + -85. Let w(i) = -i**3 + 3*i**2 + 12*i - 51. Let z be w(-4). What is the highest common divisor of q and z?
13
Let t(a) be the first derivative of -a**4/4 + 5*a**3 + a**2/2 + 21*a + 33. Let q be t(15). What is the highest common factor of 6 and q?
6
Let d be ((-20)/(-6))/((-2)/3). Let j be ((-3)/d)/(1/5). Let u = 20 - 5. Calculate the greatest common divisor of u and j.
3
Let q(y) = -10*y - 5. Suppose -4*h - 8 = -0*h. Let a be q(h). Let w be (-33 + -17)*(-3)/2. Calculate the greatest common factor of a and w.
15
Suppose -3*w = 24*w - 17415. Calculate the greatest common factor of w and 15.
15
Let g be (-488)/3*(-6 - -12 - 9). Suppose -2*j + g = 5*p, 0*p - 2*j - 296 = -3*p. Calculate the greatest common divisor of 14 and p.
14
Let g be (-353)/(-7) - (-57)/(-133). Let c(l) be the second derivative of 2*l**3/3 - 2*l**2 - 2*l. Let t be c(6). What is the highest common factor of t and g?
10
Let b = 265 - 250. What is the greatest common factor of 135 and b?
15
Let w be (10/(-4))/(-4 + 150/40). What is the highest common divisor of w and 440?
10
Suppose -4*r + 106 = -v, -2*v - 2*r = 2*r + 164. Let f be (2 + v)*(-6)/8. Calculate the greatest common divisor of f and 6.
6
Let t = 2 + -1. Suppose -3 = -s - 0*s. Suppose s*c - t = 20. What is the greatest common divisor of 7 and c?
7
Suppose -2*s = -5*s + 168. Calculate the greatest common factor of s and 42.
14
Suppose -39*v + 3*v = -86760. Calculate the highest common divisor of v and 10.
10
Let m be (-4)/(-30)*3 + (-1846)/(-10). Let n = m - 125. What is the highest common divisor of n and 15?
15
Suppose 5*h = 12 + 68. Let v = -137 + 137. Suppose v = -u - 3*l + 33, 0 = 5*l - 2 - 13. What is the greatest common divisor of h and u?
8
Suppose -y + 4*d + 130 = 48, 0 = -2*y - 4*d + 140. Suppose 3*t - 7*t + 444 = 0. Calculate the greatest common divisor of t and y.
37
Let o = -244 + 491. Suppose 4*h = -47 + o. Calculate the highest common factor of h and 20.
10
Suppose -v + 3*i = -4*v + 27, -2*v - 5*i + 30 = 0. Let o = 83 + v. What is the highest common factor of o and 22?
22
Suppose -12 = -4*x, 7*x - 5*x - 174 = -3*u. What is the highest common divisor of u and 49?
7
Let u be 128*(5 + (-33)/22). Calculate the highest common divisor of u and 192.
64
Let p be 24*(3 - 24/9). Let m = -6 + p. Suppose 0 = 2*s - m*x - 2, 4*x + 16 - 6 = 5*s. What is the greatest common factor of 24 and s?
6
Suppose 5*s - 36 = -5*f + 94, 5*s - 138 = -f. Calculate the highest common divisor of 196 and s.
28
Let n(b) = 12*b + 6. Suppose -3*u + 2*u + 5*d - 10 = 0, 2*d = u + 4. Suppose c + 2 - 7 = u. Let g be n(c). Calculate the highest common factor of g and 44.
22
Suppose 3*f = 6*f + 60. Let b = f - -23. Suppose 3*l - 7*l - 3*x = -17, 2*l + b*x = 7. What is the highest common factor of 25 and l?
5
Suppose 0 = -2*d - 5*c + 127, -3*d - 5*c + 52 = -131. Calculate the greatest common factor of d and 182.
14
Suppose 2*q = -3*q + 250. Let g be ((-4)/(-6)*-3)/(3/(-6)). Let s be (-6 - (-3)/(-2))*g/(-3). Calculate the highest common factor of s and q.
10
Let t(q) = q**2 - 8*q + 12. Let m be t(10). Suppose 26*y = 46*y - 80. What is the highest common factor of m and y?
4
Suppose 5140 + 1584 = 5*i - o, -5*i + 6736 = -4*o. What is the highest common divisor of i and 84?
84
Let c(o) be the second derivative of 1/12*o**4 + 0 + o + 0*o**3 - 1/20*o**5 + 3/2*o**2. Let z be c(-2). Calculate the greatest common factor of z and 165.
15
Suppose -3*j = -5*j. Let n be (1 - -1) + (j - 0). Suppose 0 = -0*r + n*r - 20. Calculate the greatest common factor of r and 80.
10
Let l be ((-1)/(-2))/(1/54). Suppose -h + 72 = l. Suppose -3*m - 3 = -3*j, -335*m + 7 = 3*j - 337*m. What is the greatest common factor of j and h?
5
Suppose -2*j + 6*j = 0, 0 = 4*a + 4*j - 48. What is the greatest common factor of a and 114?
6
Let d(r) = r**3 - 4*r**2 - 4*r - 2. Let g be d(5). Suppose g*h = -v - v + 365, 1 = v. What is the highest common factor of 11 and h?
11
Suppose -19*x = -32*x + 17199. What is the greatest common divisor of 196 and x?
49
Suppose -2*l - 3*l = -2*l. Let h be (7 - (l + 4))/((-6)/(-148)). What is the highest common factor of 185 and h?
37
Suppose -11*u - 1991 = -2519. Let o(p) = p**3 - 2*p**2 - 2*p + 3. Let r be o(3). What is the highest common divisor of r and u?
6
Let h(r) = 4*r**3 + r**2 - 10*r + 5. Let b be h(5). What is the highest common divisor of b and 30?
30
Suppose -9*j + 256 = 211. Calculate the highest common factor of j and 32.
1
Let r(m) = m**2 + 15*m - 582. Let n be r(-33). Let y(z) = 6*z. Let u be y(6). Calculate the highest common factor of u and n.
12
Suppose -3*j - 3*j + 312 = 0. Suppose 0 = 5*y + 3*t - 36, -5*y - 14 = 4*t - j. Let f be 10 + 1*-2 - 2. What is the highest common factor of y and f?
6
Let w(t) = 3*t + 109. Let f be w(22). Calculate the highest common divisor of 25 and f.
25
Let d be -9 + 365*(-6)/(-30). Calculate the greatest common factor of d and 24.
8
Let u(j) be the third derivative of -19*j**4/24 + 7*j**3/3 + 35*j**2. Let y be u(-4). What is the highest common factor of 135 and y?
45
Let g(h) = 2*h**2 + 1. Suppose 0 = -3*m + 12, 4*q - 20 = 3*m + 2*m. Suppose -3*o - 2*o = q. Let x be g(o). What is the highest common factor of x and 36?
9
Let u be -2*(-2 - (-42)/(-3)). Let t(w) = -12*w + 44. Let m be t(1). What is the greatest common factor of u and m?
32
Let a = 59 - 31. Let o = 48 - a. Calculate the greatest common factor of o and 180.
20
Let l be (1 + 62/(-2))*(-2760)/180. What is the highest common f